of h.
3, 43
Suppose 5*s = -w + 364, 3*w - 210 = -4*s + 90. Let h be (s/(-60))/((-3)/10). Suppose -h*d = -36 - 52. What are the prime factors of d?
2, 11
Suppose 54 = -5*o - 2*y, 10 = -0*y - 5*y. Let w be 15/6*o/(-5). Suppose -w*m + 52 = -m. What are the prime factors of m?
13
Let y(d) = d**3 - 5*d**2 - 7*d + 9. Let f be y(7). Suppose -a = -4*r + 12, -12 + 4 = -r - a. Suppose 18 = r*w - f. List the prime factors of w.
19
Suppose -25*t = -29*t + 12176. What are the prime factors of t?
2, 761
Let a = 2112 - 941. What are the prime factors of a?
1171
Let h be (-1)/(-1)*(7 - -112). Let c = 11 - h. List the prime factors of (4/6)/((-3)/c).
2, 3
What are the prime factors of (13 - 558/36)/(10/(-12904))?
2, 1613
Suppose -2*d = -41 + 9. List the prime factors of 196/d + (-3)/12.
2, 3
Suppose -2*g = 6*g - 96. Suppose -366 = -g*c + 6*c. What are the prime factors of c?
61
Let o(j) = -j**2 - 19*j + 22. Let g be o(-10). Suppose 5*b - g = b - 4*d, -5*d = -b + 22. List the prime factors of b.
3
Suppose -81*m + 79*m + 20 = 0. List the prime factors of m.
2, 5
Suppose -3*f + 3*d - 358 = -1087, -3*f - 4*d = -708. What are the prime factors of f?
2, 3, 5
Let s be -7 + 3 + 3 + -1. Let r be s - 1 - (0 - 32). List the prime factors of 2/(-3) + r/3.
3
Let i be (2 - -4)/(2/7). What are the prime factors of i/(-6)*(-1580)/35?
2, 79
Suppose 0 = -35*x - 16023 + 70203. List the prime factors of x.
2, 3, 43
List the prime factors of (-215)/(-30) - 7 - (-6441)/18.
2, 179
Let a be (-1 + 0)/(14/(-532)). Let c = 50 - a. List the prime factors of 42 - 7/((-28)/c).
3, 5
Suppose 6*x - 4832 = 4*x - 3*o, -2442 = -x + 5*o. List the prime factors of x.
2, 7, 173
Suppose 0 = -2*k + 6 - 14. Let b be (0 + 2)*(-2)/k. Suppose -2*x = 5*j - 33, j + 10 = 4*x - b. What are the prime factors of j?
5
Suppose 3*i + 3*h = 27, 2*h = 2*i + i - 12. Suppose i*y - 10 = y. Suppose 5*a = 3*n + 58, a + y*n = 6 + 3. List the prime factors of a.
11
Let v be ((96/(-18))/(-8))/(4/(-18)). Let c be (-1)/((-5)/2 - -2). What are the prime factors of 4 - (c + (v - 35))?
2, 5
Let b(l) = -54*l + 72. List the prime factors of b(-6).
2, 3, 11
Let s = 62 - 66. What are the prime factors of (-17466)/41*(s/(-6))/(-2)?
2, 71
Suppose 2*f - 21 = -d, -2*f + 2*d = f - 35. Suppose -3*g + 17 - f = 0. Suppose -2*o + 4*z + 24 = 0, 2*o + z - 30 = -g*o. What are the prime factors of o?
2
Let g be 24/(-132) - (-229)/(-11). List the prime factors of ((-48)/14)/(3/g).
2, 3
Suppose -44 = 5*t + v - 2*v, -3*v + 28 = -2*t. Let y be (-2)/t + (-11860)/16. What are the prime factors of 4/(-14) - y/21?
5, 7
Let p be 208/6*3/(-2)*-2. Suppose -4*y + 2*y = -p. List the prime factors of y.
2, 13
Let q(a) = -a**3 + 33*a**2 + 14*a - 82. List the prime factors of q(11).
2, 1367
Suppose 2*b + 4 = -2*h, -4*h + 2*b + 6 = -10. Suppose 3*l = -h*l - 2*m + 456, m - 453 = -5*l. What are the prime factors of l?
2, 3, 5
Suppose 19*n - 18*n = 2143. What are the prime factors of n?
2143
Let s be (-29)/(-9) + -3 + 1202/18. Let n(l) = -l + 21. Let x be n(0). Suppose h = z + x, -2*h = h + z - s. List the prime factors of h.
2, 11
Let n = -393 + 771. List the prime factors of n.
2, 3, 7
Let u = 230 + -163. List the prime factors of u.
67
Let g = -15 + 20. Let w(x) = 6*x - 13. List the prime factors of w(g).
17
Suppose 0 = y + 2 - 1. Let h be 104 - y*6/(-2). Suppose 2*w = -5*g + h, -6*w = -3*g - 2*w + 45. List the prime factors of g.
19
Let g(c) = c**3 + 5*c**2 - 2*c + 4. Let v = -10 - -14. Suppose 4*n + 16 = d, -5*d + 2*n = -v*d - 6. What are the prime factors of g(d)?
2, 7
Suppose 45265 = 36*g - 13955. List the prime factors of g.
5, 7, 47
Let z(d) = d**2 + 3*d + 4. Let k be z(-3). Let u(b) = 4*b + 2. What are the prime factors of u(k)?
2, 3
Let i(z) = 8*z**2 + 5*z - 36. List the prime factors of i(8).
2, 3, 43
Let d(z) = -z**3 + 10*z**2 + 29*z - 80. List the prime factors of d(-15).
2, 5, 7, 73
Suppose -77*k = -78*k, -i - 5*k = -665. List the prime factors of i.
5, 7, 19
Let l be 1/4 - 75/12. Let s be ((-18)/(-12))/(l/(-16)). Suppose -w - 156 = -s*w. List the prime factors of w.
2, 13
Let i(z) = z**3 - 11*z**2 - 11*z - 10. Let h be i(12). Suppose -3*r + h*a + 202 = 0, -4 = a + a. What are the prime factors of r?
2, 3, 11
Let c = -4 - -2. Let k be (39*c + 3)/(-1). Let x = -46 + k. What are the prime factors of x?
29
Let v(r) = -r**2 - 10*r. Let d be v(-10). Suppose -c + 2*c - 41 = d. What are the prime factors of c?
41
What are the prime factors of 47/((-658)/84) - (0 + -2582)?
2, 7, 23
Let x be 4/(-4) + 0 + 5. Suppose -4*i + 4*u = -x, -4*i + u = -u - 12. Suppose -3*s = -3*b - 21, 3*s = -i*b + 13 + 8. What are the prime factors of s?
7
Let m be ((-9)/6)/(3/6). Let a be 26 + (-1 - (m - -1)). What are the prime factors of 338/18 - (-6)/a?
19
Let v = 39 + -36. Suppose -3*m = -5*m + 4*t + 108, m - 64 = -v*t. List the prime factors of m.
2, 29
Suppose 5*r - 132 = 2*r. Let y = -103 + r. Let j = -34 - y. List the prime factors of j.
5
Let x = 26 + -15. Suppose k - 12 = -13. Let f = k + x. What are the prime factors of f?
2, 5
Let s(r) = -r + 34. Let k be s(16). Let c be 69/k + (-4)/(-24). What are the prime factors of 87/c*8/3?
2, 29
Let t = 1347 + -1313. What are the prime factors of t?
2, 17
Let g(h) = -3*h - 5. Let a be g(0). What are the prime factors of a/(-30) + 425/6?
71
Suppose 3*c = 3*d + 27, -2*c + 5 = 4*d + 17. Suppose -n = -5*q + 3*q - 34, -124 = -4*n - c*q. List the prime factors of n.
2
Suppose 7*v - 7799 = -1443. What are the prime factors of v?
2, 227
Let s(f) = -f**3 - 12*f**2 - 14*f + 133. What are the prime factors of s(-15)?
2, 509
Suppose 3*m - 599 = -14. Suppose 3*f = m + 69. What are the prime factors of (-105)/30*f/(-14)?
2, 11
Let g(r) = 3*r - 3. Let y be g(2). Let k(q) = y*q + q**2 - 4*q + 6 - 3 - 2 + 28*q**3. List the prime factors of k(1).
29
Let g(v) = -v + 13. Let l be (15/12)/(2/16). Let d be g(l). Suppose 25 + 56 = y + d*z, z - 81 = -y. List the prime factors of y.
3
Let x = 45 + -45. Let w(y) = 4*y**2 + y. Let u be w(-1). Suppose x = k - 2 - u. What are the prime factors of k?
5
Suppose -5*y + 10 = -3*y. Suppose 8*w = y*w. Suppose w = d - 13 + 1. List the prime factors of d.
2, 3
List the prime factors of ((-66)/165)/((-4)/23720).
2, 593
Let x be 1 + -1 - (0 - (-2 - -454)). Suppose x = 4*k - 5*n, n - 149 = 3*k - 477. List the prime factors of k.
2, 3
Let l(s) = s**3 - 3*s - 6. Let c(p) = p**2 + 12*p - 9. Let g be c(-13). What are the prime factors of l(g)?
2, 23
Suppose 4*r + 217 = 1409. Suppose -14*l = -r - 1732. List the prime factors of l.
5, 29
Let s(z) be the second derivative of z**5/20 - 13*z**4/12 + 8*z**3/3 + 7*z**2 + 6*z. What are the prime factors of s(12)?
2, 31
Suppose 5*b = 19 + 96. Suppose -2*d = b - 75. List the prime factors of d.
2, 13
Let f(q) = -q**2 + 2*q + 497. List the prime factors of f(0).
7, 71
Let f be (66/18 + -4)*1*69. Let x = f - -43. What are the prime factors of x?
2, 5
Suppose 0 = 12*p - 0*p + 324. List the prime factors of p/18*(-116 + 2).
3, 19
Let i be (-4)/10 - 448/(-70). Suppose -y - 240 = -i*y. List the prime factors of y.
2, 3
Suppose 2*w = 2*c + 2, 0 = 2*c - 3*w + 5*w - 10. Let t = 32 - 29. Suppose 4*r - 3*y - 50 = t*r, -127 = -c*r - 3*y. List the prime factors of r.
59
Let h(i) be the second derivative of -i**5/20 + 7*i**4/12 - i**3/2 - 13*i**2/2 - 8*i. Let q be h(6). Suppose 2*y = q*y - 75. List the prime factors of y.
5
Let f be ((-132)/15)/((-6)/(-45)). Let t = 91 - f. List the prime factors of t.
157
Let q = 129 + 42. List the prime factors of q.
3, 19
List the prime factors of 2 + (2 - (-24)/(-6)) + 2324.
2, 7, 83
Let f be (1 + -7)*(-9)/(-6). Let q be 4/(-18) - (-7)/f. List the prime factors of q + (1 - 0) - -33.
3, 11
Let j = 2141 + -31. What are the prime factors of j?
2, 5, 211
Let n(j) = 4*j**2 + j - 36. What are the prime factors of n(-8)?
2, 53
Let h be ((-126)/33 - -4) + (-3348)/22. Let j = h + 256. List the prime factors of j.
2, 13
Let v be (3 - 1 - -3)/1. Suppose -v*n + 4 = 24. Let h = 1 - n. What are the prime factors of h?
5
Let b = -14 + 17. Suppose b*f - 196 = 332. List the prime factors of f.
2, 11
Let k = -1554 - -1903. What are the prime factors of k?
349
Let g = 38 - 18. Suppose -s + 4*j + g = 3*s, -5*j + 2 = 4*s. Suppose s*t + 4*m - 49 - 65 = 0, 5*t - 4*m = 222. What